 x - r + 5*r - 263. Calculate the greatest common factor of k and x.
51
Suppose -122*q + 124*q = -4*m + 7370, 0 = 4*m + q - 7365. What is the greatest common factor of m and 10?
10
Let k(q) = 5*q + q**3 - 2*q**2 - 25 + 63 - 3*q**2 - 3*q**2. Let p be k(7). Let h be 4/14 + 160/28. What is the greatest common factor of h and p?
6
Let u = -39 + 55. Let m be -72*(129/27 + -5)*3. Suppose 0 = 42*y - m*y + 96. Calculate the greatest common factor of u and y.
16
Suppose -85 + 1738 = 3*g. Let r = g + -499. What is the greatest common divisor of r and 12?
4
Suppose 43*f - 47*f + 16 = 0, 5*h = -4*f + 38426. What is the highest common divisor of 46 and h?
46
Suppose -5*d = -3 + 13, 0 = 4*p + 2*d - 1100. Let m = -181 + p. Let k be ((-19)/2)/((-16)/32). Calculate the greatest common factor of k and m.
19
Let x = 109 - 53. Let r(v) = -v**3 + 3*v**2 + 2*v + 11. Let u be r(5). Let d = 37 + u. What is the greatest common divisor of x and d?
8
Let s = -14 + 24. Suppose 208 = 3*k - 233. Let n = 227 - k. What is the greatest common divisor of s and n?
10
Let b(q) = 598*q**2 + 32*q + 275. Let w be b(-8). What is the greatest common divisor of w and 11?
11
Let y(t) = 7*t. Let c be y(-1). Suppose 76 - 23 = -25*h + 3. Let x be h/7 - 506/c. Calculate the highest common factor of x and 16.
8
Suppose 2*d - 1584 = 4*g, -5*d - 4*g - g = -3960. Let b be 21 + (-2511)/(-27) - 15. What is the highest common divisor of b and d?
99
Let z be -21*((-16)/6)/2. Let c = -3805 + 3917. What is the highest common divisor of c and z?
28
Suppose -9*q = 74*q - 39425. What is the highest common factor of 375 and q?
25
Suppose 4*a - 46 - 13 = z, 4*z + 12 = 0. Calculate the highest common factor of a and 1351.
7
Let s(c) be the third derivative of c**6/120 + 11*c**5/60 - 9*c**4/8 + c**3/3 + 2*c**2. Let v be s(-13). What is the highest common factor of 60 and v?
15
Suppose -3*v - 16 = 3*u - 133, 0 = 14*u + 3*v - 568. Calculate the greatest common factor of u and 3.
1
Let y = -13405 + 13429. Suppose -3*r - 7 = -2*l, 2 = 2*r - 4. What is the greatest common factor of l and y?
8
Let l = -84 - -84. Suppose 2*p = f - 28, -2*f + 3*f - p - 23 = l. What is the highest common divisor of f and 234?
18
Let t be ((-2)/16*834)/((-48)/2432). What is the highest common divisor of 95 and t?
19
Let v be (8 + -4 - -10) + 24/3. What is the greatest common divisor of 1870 and v?
22
Let t(j) = -j**3 + 17*j**2 + 18*j + 24. Let c be t(18). Let n be 1 - c/(2/(-2)). Let z = 29 - n. Calculate the highest common factor of 12 and z.
4
Let d be (((-216)/(-6))/6)/2. Suppose -115 + 26 = -d*t - 2*u, -2*t + 42 = -3*u. Calculate the highest common factor of t and 9.
9
Let b be (-1)/(3592/(-512) - -7). Let k be 1/1*(58 + (-120)/12). What is the greatest common factor of k and b?
16
Suppose 0*i = -3*i - 2*n + 16, 0 = -i - 2*n. Suppose 2730 = -i*y + 23*y. Calculate the greatest common divisor of y and 14.
14
Let o(n) = -n**2 - 75*n - 442. Let d be o(-7). Calculate the highest common divisor of 94 and d.
2
Suppose -20*y + 1429 - 2 = -1633. Let g(x) = 4*x - 1. Let i be g(7). What is the highest common factor of y and i?
9
Let z be 5*1 + (8 - (-370)/(-10)). Let k be (5 - (-150)/z)*-8. Let h be 6/(-27)*3*-6. Calculate the greatest common divisor of h and k.
2
Let z(m) = 2*m**2 - m + 2. Let c be z(2). Let n be -13*12*c/(-12). Suppose -4*l + 49 = -3. Calculate the greatest common factor of n and l.
13
Let s = 23 + -19. Suppose 3*j - c + 6*c - 11 = 0, j - s*c = -2. Suppose y - 88 = -4*v, -3*v + 408 - j = 5*y. What is the highest common divisor of 10 and y?
10
Let a(h) = 9*h**2 + 17*h + 44. Let m be a(-2). What is the greatest common factor of m and 10994?
46
Suppose 14*m = 18*m + x - 219, 0 = 3*m - x - 159. Suppose -m*d = -22*d - 5440. What is the highest common divisor of 10 and d?
10
Suppose -8*b + 20*b - 1860 = 10*b. Calculate the highest common factor of 210 and b.
30
Let k(x) = x**3 - 26*x**2 - 28*x + 32. Let p be k(27). Suppose 0 = d + 2*d - p*v - 41, -8 = -d - 4*v. Calculate the highest common factor of d and 20.
4
Let l(t) = -58*t - 254 + 32*t + 67*t + 14*t. Let w be l(5). What is the highest common divisor of w and 84?
21
Let c = 177 + -96. Let r be c + 2/((-10)/(-15)). Let x = -6 + 18. Calculate the greatest common divisor of x and r.
12
Let s = -6468 - -6490. What is the highest common divisor of s and 297?
11
Suppose -v + 5*j + 1521 = 716, -1520 = -2*v - 5*j. What is the highest common divisor of 31 and v?
31
Let c(k) = -8*k + 3. Let d(s) = -17*s + 6. Let f(r) = 7*c(r) - 3*d(r). Let t be f(-2). Let m = -83 - -148. What is the highest common factor of t and m?
13
Let g = 731 + -708. Let u(b) be the third derivative of 13*b**6/120 - b**5/30 - b**4/12 + b**2. Let m be u(2). What is the highest common divisor of g and m?
23
Let m be -25 + 32 + 8 + (-2)/1 + -6. What is the greatest common divisor of 25 and m?
1
Let g be ((-8)/12 + -2)/((-3)/45). Let y = g - 32. Calculate the highest common factor of 64 and y.
8
Suppose -439845 = -466*q + 59241. What is the highest common divisor of q and 2975?
119
Let k(y) be the second derivative of -y**3/6 - 3*y**2/2 + 18*y. Let l be k(0). Let a be ((6 + l)*2)/(4/14). What is the greatest common factor of 147 and a?
21
Let x = 16657 + -16654. What is the greatest common factor of 37 and x?
1
Let m = -117 - -138. Let c = -313 - -334. Calculate the greatest common factor of c and m.
21
Suppose 4*q - 21 = -k, -3*q - 6 = 2*k - 28. Suppose -k*n + 36 = 4*l, -8*l + 18 = -6*l + n. Calculate the highest common factor of 3 and l.
3
Suppose 248*x - 48160 = 24*x. What is the highest common factor of 1161 and x?
43
Suppose -3*u = g - 11, 9*g - 51 = 8*g + 5*u. Suppose g*v = 23 + 523. What is the greatest common divisor of 399 and v?
21
Let f = -122 + 1227. What is the greatest common divisor of f and 170?
85
Let v(a) = 409*a - 4067. Let i be v(11). What is the highest common divisor of 456 and i?
24
Let i(k) = -2*k**2 - 16*k - 2. Let r be i(-8). Let y = 8 - r. Suppose -y*b + 154 = -9*b. Calculate the greatest common divisor of b and 14.
14
Let a(i) = 4*i**2 + i - 7. Let h(d) = -4*d - 33. Let w be (12/12)/(1/(-7)). Let n be h(w). Let r be a(n). What is the highest common divisor of r and 16?
8
Suppose -4*c = 5*d - 141 - 90, -300 = -5*c - 4*d. Calculate the greatest common factor of 5776 and c.
16
Let z be (-220)/(-14) + 46/161. Suppose -5*p - 803 = -z*p. Let a = p + -41. Calculate the greatest common divisor of 8 and a.
8
Let x(z) = -z**2 - 4*z + 37. Let n be x(-7). Suppose 2*h = -c + 4 - 10, 0 = 2*c - 3*h - n. What is the greatest common factor of c and 1?
1
Suppose -2*q + 2*i = -966, -349 - 1583 = -4*q - 6*i. What is the highest common factor of 207 and q?
69
Let s = -75 + 84. Suppose 0 = -5*g + 5*b + 50, -2*g + b + 6 = -s. Let f be 25/9 + (94/18 - g). Calculate the highest common factor of f and 24.
3
Let q = 7 + -3. Suppose 259 = g + x, 783 = -8*g + 11*g + x. Let j = 272 - g. What is the highest common divisor of q and j?
2
Suppose -3*a - 1334*r = -1333*r - 4442, 3*a - 4457 = -4*r. What is the highest common divisor of a and 561?
51
Suppose 18960 - 3570 = 15*x. Calculate the highest common divisor of 30 and x.
6
Let f be (-91)/(364/(-536)) + (6/(-3))/1. Let w = -88 - -187. Calculate the highest common divisor of w and f.
33
Let f(a) = a**2 + 3 + 1 - 2 + 0. Let c be f(-2). Let w be (-5)/(19 - 4)*-162. Calculate the greatest common divisor of c and w.
6
Let w(q) = -q**3 - 72*q**2 + 221*q - 174. Let f be w(-75). Calculate the highest common factor of f and 406.
14
Let n be -5 - 4/(12/(-15)). Suppose n = w - 0*w - 9. What is the greatest common factor of w and 36?
9
Let g be (1/(-3)*7)/(4/(-12)). Suppose -p + 3*n = -215, 0 = -2*p + 5*n + 86 + 347. Calculate the greatest common factor of p and g.
7
Let m = 82 - 37. Suppose -m = -23*y + 20*y. Suppose -n - 5*n = -18. Calculate the greatest common factor of n and y.
3
Suppose -38*u + 7503 + 28597 = 0. Calculate the greatest common factor of 900 and u.
50
Let i = 2300 - 2146. Let a = 112 + -68. Calculate the greatest common factor of a and i.
22
Suppose 4 = 3*s - 2. Let d(m) = -m**2 - 14*m - 14. Let t be d(-13). Let w be (55/(-15))/(t/6). What is the greatest common divisor of s and w?
2
Let v = -198 - -246. Let g = -47 + 79. What is the greatest common factor